tor of 25133 and 2255?
41
Calculate the greatest common divisor of 17892 and 504.
252
Calculate the greatest common factor of 5 and 32930.
5
Calculate the highest common factor of 34444 and 3476.
316
What is the greatest common divisor of 3851318 and 362?
362
Calculate the highest common factor of 2292 and 463748.
764
Calculate the highest common factor of 2224 and 227404.
556
What is the highest common factor of 800 and 998000?
400
Calculate the greatest common divisor of 260 and 7220.
20
What is the greatest common factor of 519725 and 45?
5
What is the greatest common factor of 400851 and 198?
99
What is the highest common divisor of 187 and 6668233?
187
Calculate the highest common factor of 32712 and 496320.
1128
What is the greatest common divisor of 5439966 and 17?
17
Calculate the highest common factor of 9317 and 210.
7
What is the highest common divisor of 58192 and 8?
8
What is the highest common factor of 428 and 680?
4
What is the greatest common factor of 74 and 1166?
2
Calculate the highest common factor of 23595 and 795.
15
What is the highest common divisor of 93042 and 243?
27
What is the highest common divisor of 230690 and 170?
170
What is the greatest common divisor of 12750 and 4896?
102
Calculate the greatest common factor of 1616216 and 3534.
1178
What is the greatest common factor of 1064 and 893?
19
What is the highest common factor of 56 and 4660936?
56
Calculate the highest common factor of 63578 and 166.
166
Calculate the highest common divisor of 7884 and 7587.
27
Calculate the highest common divisor of 77 and 581.
7
Calculate the highest common factor of 450 and 19450.
50
Calculate the greatest common divisor of 34 and 4778.
2
Calculate the highest common divisor of 22395 and 405.
15
What is the highest common divisor of 5004 and 1044?
36
What is the greatest common divisor of 121 and 14124?
11
What is the highest common factor of 9683 and 391?
23
What is the greatest common factor of 397177 and 33?
11
What is the greatest common factor of 10472 and 96152?
952
Calculate the highest common factor of 60 and 2987420.
20
Calculate the greatest common divisor of 3215919 and 393.
393
Calculate the greatest common factor of 13395 and 565.
5
Calculate the greatest common factor of 1561 and 42816.
223
What is the greatest common factor of 217 and 1481893?
217
Calculate the highest common factor of 120 and 7545.
15
What is the greatest common divisor of 58752 and 15028?
68
What is the greatest common factor of 2865 and 23745?
15
Calculate the greatest common factor of 109500 and 2555.
365
Calculate the highest common factor of 891 and 25191.
81
What is the greatest common divisor of 5028993 and 27?
27
Calculate the highest common factor of 159723 and 18.
9
What is the greatest common divisor of 21356 and 7220?
76
Calculate the highest common factor of 414 and 27738.
414
What is the greatest common divisor of 620 and 2700?
20
Calculate the greatest common divisor of 77220 and 324.
108
What is the greatest common factor of 365 and 16694005?
365
What is the highest common divisor of 29840 and 144724?
1492
Calculate the highest common factor of 84493 and 19.
19
What is the greatest common factor of 68 and 10234?
34
Calculate the highest common factor of 1311 and 20148.
69
Calculate the highest common factor of 17 and 240788.
17
Calculate the greatest common divisor of 2430 and 864.
54
Calculate the highest common factor of 16920 and 320.
40
What is the greatest common divisor of 210503 and 905?
181
What is the highest common factor of 515 and 940?
5
Calculate the highest common divisor of 12 and 494520.
12
What is the greatest common divisor of 3 and 101280?
3
What is the greatest common divisor of 320535 and 60?
15
Calculate the greatest common factor of 264189 and 1061.
1061
What is the greatest common divisor of 212 and 176702?
106
What is the highest common divisor of 225530 and 836?
38
What is the highest common divisor of 52970 and 10?
10
Calculate the highest common factor of 29 and 1682696.
29
What is the greatest common divisor of 579 and 4502690?
193
Calculate the highest common factor of 2768 and 168.
8
What is the greatest common divisor of 22784 and 272?
16
What is the greatest common factor of 9 and 1282221?
9
What is the greatest common divisor of 264 and 64372?
44
Calculate the greatest common factor of 367609 and 1012.
253
Calculate the greatest common factor of 7074290 and 10.
10
Calculate the greatest common factor of 1329 and 429.
3
Calculate the greatest common divisor of 1949116 and 65.
13
What is the greatest common factor of 75 and 8505?
15
Calculate the highest common factor of 4291 and 77.
7
Calculate the greatest common divisor of 258 and 105866.
86
Calculate the highest common divisor of 94570 and 5635.
245
What is the greatest common factor of 226744 and 868?
28
What is the highest common factor of 3405 and 1005?
15
Calculate the highest common factor of 14300 and 1760.
220
What is the greatest common divisor of 84 and 2250612?
84
What is the highest common factor of 3364 and 16298?
58
Calculate the greatest common divisor of 195525 and 2133.
711
Calculate the greatest common factor of 1398 and 36346602.
1398
Calculate the greatest common factor of 90774 and 1107.
1107
What is the greatest common divisor of 17788 and 4?
4
What is the greatest common divisor of 1374118 and 874?
38
What is the highest common divisor of 13040 and 5?
5
Calculate the greatest common factor of 41354 and 92.
46
What is the highest common factor of 126 and 11052?
18
What is the greatest common divisor of 92131 and 52?
13
What is the greatest common divisor of 2460 and 210?
30
What is the highest common factor of 1184 and 1167868?
148
Calculate the highest common factor of 28010 and 72.
2
Calculate the highest common factor of 1160 and 2457344.
232
What is the highest common factor of 3612 and 17598?
42
Calculate the highest common divisor of 237 and 6094929.
237
Calculate the greatest common divisor of 10875 and 174.
87
Calculate the greatest common divisor of 1188053 and 831.
277
What is the highest common divisor of 2755 and 261?
29
Calculate the highest common divisor of 509985 and 9.
9
What is the greatest common divisor of 184 and 62491?
23
Calculate the greatest common divisor of 1892 and 13717.
473
What is the highest common factor of 176723 and 15247?
79
What is the greatest common factor of 9 and 14016?
3
Calculate the highest common divisor of 1 and 27401.
1
Calculate the greatest common divisor of 116 and 2829298.
58
Calculate the greatest common factor of 33704 and 808.
8
What is the greatest common factor of 30 and 533865?
15
What is the greatest common factor of 41720 and 80?
40
Calculate the greatest common factor of 5911 and 24158.
257
What is the greatest common divisor of 5356 and 128750?
206
Calculate the highest common divisor of 17 and 1317007.
17
What is the highest common divisor of 270 and 3618?
54
Calculate the highest common divisor of 6727 and 17577.
217
Calculate the greatest common factor of 420 and 12810.
210
Calculate the greatest common divisor of 108 and 98796.
12
What is the greatest common divisor of 23 and 41929?
23
Calculate the greatest common factor of 8253619 and 1173.
391
Calculate the greatest common divisor of 48 and 2442.
6
What is the greatest common factor of 700 and 4950575?
175
Calculate the highest common factor of 61939 and 46.
23
What is the greatest common divisor of 1760520 and 680?
680
What is the highest common factor of 523561 and 766?
383
Calculate the greatest common factor of 2487 and 20341173.
2487
Calculate the highest common factor of 1578051 and 603.
603
What is the greatest common factor of 151216 and 624?
208
What is the highest common divisor of 2992 and 52496?
272
Calculate the highest common factor of 1265 and 6644.
11
What is the greatest common factor of 8 and 536184?
8
What is the greatest common divisor of 888 and 12802?
74
What is the highest common factor of 6232 and 14719?
41
Calculate the highest common divisor of 325082 and 1146.
382
What is the highest common factor of 544 and 31216?
16
Calculate the highest common divisor of 15 and 91470.
15
Calculate the highest common divisor of 37095 and 60.
15
What is the highest common divisor of 1314 